 = -344. Is d a prime number?
False
Suppose -23*g + 41891 = -91026. Is g prime?
True
Let v = 41 + -38. Is (-1398)/(-2)*v/9 a composite number?
False
Suppose 1524 = 3*m + 5*f - 14980, f = 3*m - 16510. Is m prime?
True
Suppose -6302 = -5*o + 1643. Let a be (-539)/((2/(-4))/1). Let v = o - a. Is v a prime number?
False
Suppose -o - 17 + 1 = 0. Let d = -13 - o. Suppose d*r = 6, -4*k + 3*r = r - 504. Is k a composite number?
False
Let h(w) = -2*w - 3 + w**2 + w**2 + 2 + 4. Is h(8) a prime number?
False
Let k(o) = 31*o**2 - 7*o - 5. Let q = 119 + -110. Is k(q) a composite number?
True
Let h(g) = 409*g - 147. Is h(14) a composite number?
True
Suppose -107*f - 1204155 = -116*f. Is f a prime number?
False
Suppose q - 2*k + 6 = 0, -4*q + 14 = 5*k - 1. Suppose -3*x = -3*l + 3267, q*x = -l - 2*x + 1083. Is l composite?
False
Suppose -40*g + 1317952 = 24*g. Is g a prime number?
True
Let p(k) = k**3 - 12*k**2 - 6*k - 13. Let i(j) = 6*j**3 - 61*j**2 - 31*j - 64. Let v(x) = 2*i(x) - 11*p(x). Let c be v(-10). Is 1466/5 - (-5)/c composite?
False
Suppose 4*s = -c - 3 + 2, 4*c - 4*s + 4 = 0. Is 23/(c/(4 - 21)) composite?
True
Is (-11)/(33/24) - -74223 a prime number?
False
Suppose -5*o + 4*a + 34991 = 0, 3*a = -3*o + 5*a + 20993. Is o a prime number?
False
Let d(p) = 4*p**2 + 6*p + 10. Let k be d(-2). Is 6604 - (12/16 - k/8) prime?
False
Let m be -1*(0 - 0/4 - 0). Suppose 4*a - 846 - 670 = m. Is a a composite number?
False
Suppose 0 = -5*w + 24 - 4. Let z = w - 4. Suppose -4*x = -z*x - 260. Is x prime?
False
Let f = 37131 + -13984. Is f prime?
False
Let b(r) = -608*r**3 + 4*r**2 + 5*r + 4. Is b(-2) a prime number?
False
Suppose -9*c = c. Suppose 2*q - 1645 - 877 = c. Is q a prime number?
False
Let l(n) be the third derivative of n**5/12 + 11*n**4/24 + 7*n**3/6 - 7*n**2. Is l(-11) prime?
True
Suppose 0 = 15*q - 173950 - 65435. Is q prime?
True
Is (-3891)/2*(-6)/9*7 a composite number?
True
Is (-18)/(-72) + 70742/8 composite?
True
Let z be (-1)/(((-28)/16)/7). Suppose 8 = 2*b - z. Is (-2)/b*(14 + -1073) prime?
True
Let j = 1 - 1. Let s(p) = -4*p**2 - p + 112. Let r(g) = -5*g**2 - 2*g + 111. Let q(d) = -3*r(d) + 4*s(d). Is q(j) a composite number?
True
Let m be (8/(-10))/(1/(-20)*2). Suppose -m*p + 11*p = 699. Is p composite?
False
Let x(i) = -i**3 + 6*i**2 + 10*i - 3. Let f be x(7). Let j = f - 12. Suppose j*n - 357 = 3*n. Is n a composite number?
True
Let a = 8242 + -4857. Is a a composite number?
True
Is 43400 + 4/(-4) + -8 prime?
True
Suppose 2*c = -4*y + 16952, 8*y = 9*y + 2*c - 4241. Is y composite?
True
Is (-12996)/(-2) + -102 + 95 composite?
False
Let f(z) = -z**3 - 10*z**2 + 11*z - 2. Let t be f(-11). Let u be t - -5 - (13 + 4). Is (-4)/u - (-2409)/21 prime?
False
Is (31162/8)/(46/(-8) - -6) a composite number?
False
Let u = 51 - 45. Is (0 - 331)*(6 + -1 - u) a composite number?
False
Suppose 102*i - 18114 = 96*i. Is i prime?
True
Suppose -k = -4*o + 4533, 0*k - 3*k - 2269 = -2*o. Is o composite?
True
Suppose 2*s - 17701 = 3*o + 32476, -4*o = -3*s + 75265. Is s composite?
False
Let w be (-6)/(-4 + (-116)/(-32)). Suppose w = -0*s + 4*s. Suppose -2*d + 4*p = -18, 48 = s*d - 2*p - 2*p. Is d prime?
False
Let d(x) = 4163*x**3 + x**2 - 4*x + 2. Is d(1) a composite number?
True
Is (-6711*(-1)/2)/((-21)/(-98)) prime?
False
Let q(y) = -22*y + 6. Let l = 5 + -8. Let s be q(l). Let f = s - -5. Is f prime?
False
Let y(l) = l**3 - l**2 - l + 159. Let i be y(0). Let g = 214 + i. Is g prime?
True
Suppose -61265 + 5424 = -19*s. Is s composite?
False
Let o be -2 + 0 + 4/8*8. Suppose -5*r + 535 = 3*n, o*r + r - 728 = -4*n. Is n prime?
False
Let g(i) = 66*i - 2. Let j be g(3). Suppose j + 3756 = 4*v. Suppose 3*p = v + 347. Is p a composite number?
True
Let y(u) be the first derivative of -61*u**2/2 + 26*u - 1. Is y(-11) composite?
True
Suppose 2*u - 7*u = 20, 0 = o + 4*u - 190. Is o a prime number?
False
Let i(a) = -80*a - 5. Suppose -6*y - 40 = -y. Is i(y) composite?
True
Let z be 0/2 + -1 + 43. Suppose -2*q + 8 = 0, -o - 3*q + 11 - 106 = 0. Let k = z - o. Is k composite?
False
Suppose -4*c = -3*b + 1, -6 = -4*b + 2*c + c. Suppose 0 = b*s + 3462 + 4827. Is (-2)/(-13) - s/39 composite?
False
Is (-904)/339 - (-83674)/6 composite?
True
Suppose 3*y + 421 = -2*l, 0 = 3*l + 2*l + 4*y + 1056. Let c = l - -1063. Is c a prime number?
False
Let i be 2/2 - 31070/13. Is (-4)/(-6) + i/(-3) a composite number?
False
Let a(t) = t**3 + 35*t**2 - 61*t - 31. Is a(-30) a composite number?
False
Let b(x) = x**2 - 1. Let t(q) be the third derivative of -q**6/120 + q**5/15 - q**4/24 - 5*q**3 + 4*q**2. Let o(f) = 4*b(f) - t(f). Is o(0) a prime number?
False
Let m be (-20)/5 + 11 + -2. Suppose -m*z - 20 = 0, w + 110 = 2*z + 413. Is w composite?
True
Is 44/11 + (260 - 2 - -1) composite?
False
Suppose 2*b - 7*b + 45 = 0. Suppose -7*s - 4106 = -b*s. Is s composite?
False
Suppose -3*f + 516 = -5*w - 196, 0 = -4*f - w + 957. Suppose 0 = -z + 242 + f. Is z prime?
False
Let g = -64 - -61. Let p(t) = -38*t + 1 + 1 + 0 + 5. Is p(g) prime?
False
Suppose 5*x + 2733 = 4*g, -2*g - g + 2046 = -5*x. Let a = g + -428. Is a composite?
True
Let x be (-306)/(-81) - (-4)/18. Suppose 0 = x*z + 24 - 8. Is (z + 5)*53*1 prime?
True
Suppose 0 = -18*r + 19*r - 623. Is r a prime number?
False
Is 2/6 + (-314192)/(-12) + -12 prime?
True
Suppose -8*m - 3786 = -14*m. Is m a composite number?
False
Suppose 0 = -3*z + 3*c + 5889, -30*z + 7842 = -26*z + c. Is z prime?
False
Is (-11)/((-264)/(-13836))*-86 composite?
True
Let f = 1 + 1. Suppose -5*j - f*b + 40 = 0, j = -j + 2*b + 2. Is (-4)/j - 177/(-9) composite?
False
Let o = 1204 + -757. Let b(z) = -2*z - 38. Let i be b(-21). Suppose 0 = i*w - 7*w + o. Is w a prime number?
True
Let c be (30/165 + 636/11)/2. Suppose 5*d + 2*o - 117 = 0, -c = -2*d - 2*o + 19. Is d prime?
True
Let z = -506 - -756. Let p = -73 + z. Is p a prime number?
False
Let k be (-1 - 0)/((-15)/30). Suppose -k*h = -6*h + 13964. Is h a composite number?
False
Let n = 3917 - 1543. Is n prime?
False
Let v = 6836 - 997. Is v prime?
True
Let x(r) = -1312*r**3 + 13*r**2 + 37*r + 19. Is x(-4) a composite number?
False
Suppose -c - 2*c = -5*f, -2*c = 4*f. Let k(z) = 6*z**3 - 4*z**2 - 59. Let h(u) = 7*u**3 - 5*u**2 - 59. Let l(j) = 5*h(j) - 6*k(j). Is l(f) composite?
False
Let r(t) be the third derivative of 0*t - 1/20*t**5 + 0 - 4*t**2 + t**3 - 1/24*t**4 - 1/120*t**6. Is r(-4) a composite number?
True
Suppose -22392 = 9*q - 10*q. Suppose q = 4*s + 4828. Is s composite?
False
Suppose 0 = -2*v + 2*w + 37888, 9*w - 13*w = -v + 18935. Is v composite?
False
Suppose -4 = -5*u + 16. Suppose u*m - m - 894 = 0. Is m prime?
False
Suppose y + b - 116580 = 0, -3*y - 18*b = -23*b - 349732. Is y prime?
True
Suppose -5*i = 2*t - 20, 0 = -2*i - 2*i - 3*t + 23. Let u = 1 - -3. Suppose u*o + s - 374 = -i*s, -5*s - 295 = -3*o. Is o prime?
False
Let b(f) = -f - 4. Let d be b(-6). Suppose 5*n - 3015 = -3*o + n, 4*o - 4020 = -d*n. Is 2 + o/(9/3) composite?
False
Suppose 0 = b + 3*b + 6792. Let k = b + 778. Let f = -651 - k. Is f composite?
False
Suppose -3*c - o - 1151 = -4*c, 0 = 2*c + 4*o - 2278. Is c prime?
False
Let u = 1106 + -104. Suppose 0 = -4*v + 346 + u. Is v composite?
False
Suppose -q = h - 3686, 2*h - 4*q = -3*q + 7387. Is h a prime number?
True
Let u(b) = 245*b**2 - 11*b - 41. Is u(-8) a composite number?
False
Let j = -1 - -7. Suppose 2*p - u = 9, 15 = -p + j*p - u. Suppose 0 = -5*y - 3*q + 3, q - p*q - 1 = y. Is y composite?
False
Let s(r) = 2*r - 2. Let n be s(5). Suppose 3*m = n*m. Let g = m - -3. Is g prime?
True
Suppose v + 1 = -0*v. Is 148 - ((0 - v) + 2) composite?
True
Let i = 183 + -663. Let k = i + 724. Suppose -53 = g - k. Is g composite?
False
Suppose -u - 773 = -7*g + 4*g, 0 = -3*u - 2*g - 2308. Let c = -337 - u. Suppose 154 = -3*v + c. Is v prime?
False
Suppose -4*p + 862 = -406. Is p*2*(-6)/(-12) prime?
True
Suppose -4*i + 38 = n, 3*n + 2*i - 39 = 5*i. Is (-2*(-3)/n)/(1/699) a prime number?
True
Suppose 4*a = -5*x + 39619, 0 = 2*a - 2*x + x - 19799. Is a a composite number?
False
Let l(v) = -3*v - 11. Suppose -2*i = 4*d + 26, 4*i + 13 = -i + 3*d. Let o be l(i). Suppose 262 = 2*q + o*n, 5*q - 3*n + 321 - 976 = 0. Is q composite?
False
Let r(v) = 11*v**2 - 28*v - 616. Is r(-37) composite?
True
Suppose 3*w - a 